, what is 10a5d + 5?
10a64
In base 4, what is 131123131 - -203?
131130000
In base 15, what is 100 - -83a7?
84a7
In base 16, what is 2070a + 5b?
20765
In base 11, what is 1833a0 - -461?
183851
In base 11, what is 2484905 - -1?
2484906
In base 7, what is 330 - -12206?
12536
In base 5, what is -31322 - 321411?
-403233
In base 2, what is -101000011011001 - 111010001111100?
-1100010101010101
In base 13, what is -5 - -203cc6b?
203cc66
In base 11, what is -1491 - 1a40?
-3421
In base 3, what is 11202222000002 - 100?
11202221222202
In base 14, what is -187 + 144bb?
14334
In base 14, what is 11 + -308044b?
-308043a
In base 12, what is 69881 + 122?
699a3
In base 3, what is 2 - 211111211101111?
-211111211101102
In base 11, what is -2396077 - -4?
-2396073
In base 3, what is 1 - 2000111021021?
-2000111021020
In base 15, what is 18a - 268ba?
-26730
In base 14, what is -2 + 12835635?
12835633
In base 7, what is 4460 + 5455?
13245
In base 15, what is 0 + -386344?
-386344
In base 6, what is 1 + 3523105144?
3523105145
In base 5, what is -133321 + -14124320?
-14313141
In base 5, what is -41042231 + 133?
-41042043
In base 15, what is 5d - -dd29?
dd87
In base 7, what is 112043 - -263?
112336
In base 9, what is 36656150 - 3?
36656146
In base 6, what is 3154 - 221204?
-214010
In base 9, what is 3086 - 1860?
1126
In base 15, what is 50 + 12052?
120a2
In base 10, what is 131 - 402440?
-402309
In base 4, what is 11 - -121303022210?
121303022221
In base 8, what is 156 - 3263263?
-3263105
In base 8, what is -3 - 60621141?
-60621144
In base 16, what is 25312f7 - 5?
25312f2
In base 5, what is -21 + 141212233?
141212212
In base 8, what is -3 + -74437543?
-74437546
In base 4, what is 3 + 20103010221?
20103010230
In base 15, what is 10 - -183772?
183782
In base 11, what is -10179185 - -32?
-10179153
In base 10, what is -225480 - -128?
-225352
In base 9, what is 12 + -132546285?
-132546273
In base 2, what is -110010001001101111 - -11011?
-110010001001010100
In base 5, what is -23324310 + -23?
-23324333
In base 11, what is -816 - -1644?
929
In base 14, what is -69b0 - -48?
-6966
In base 5, what is 31131340 + 310?
31132200
In base 10, what is 7465789 + -2?
7465787
In base 4, what is 32133 + -1021233?
-323100
In base 7, what is 4 - 3534346351?
-3534346344
In base 6, what is -244142430 + 3?
-244142423
In base 10, what is -1 - 13268416?
-13268417
In base 3, what is -1021102022 - 20202112?
-1112011211
In base 3, what is 121112 - -10001121101?
10002012220
In base 14, what is 4aa - 13db?
-d31
In base 11, what is -19287 - -5406?
-13981
In base 8, what is -3626 - 2756?
-6604
In base 14, what is 3 - -2aa4b7?
2aa4ba
In base 5, what is 234100 - 3140033?
-2400433
In base 8, what is -5 - 1176551?
-1176556
In base 15, what is 2b5d + -29601?
-26993
In base 6, what is -1054104 + -12004?
-1110112
In base 8, what is 101 + -26255?
-26154
In base 5, what is -2 + -2340141024?
-2340141031
In base 4, what is 10002002113 - -11?
10002002130
In base 5, what is 4 + 30414314033?
30414314042
In base 8, what is -211672 - -76?
-211574
In base 4, what is -101001 - -210302?
103301
In base 6, what is 51230 - 4320?
42510
In base 2, what is -110101110001100 + -1101100101111?
-1000011010111011
In base 15, what is -893 - 475?
-d18
In base 13, what is 66b67 + 172?
67009
In base 11, what is 6496337 + 4?
6496340
In base 5, what is -112203103221 + -10?
-112203103231
In base 3, what is 0 - 22022100122200121?
-22022100122200121
In base 13, what is -8 - c340a9b?
-c340aa6
In base 3, what is -1200012 - 1100101020?
-1102001102
In base 5, what is 1033134340 - -104?
1033134444
In base 15, what is -a + 935e2?
935d7
In base 2, what is -1000110100111 - 1111100101010011?
-10000101011111010
In base 7, what is -1430343036 - 6?
-1430343045
In base 14, what is 1 - aca458?
-aca457
In base 15, what is 1 - -eda122?
eda123
In base 15, what is -21dc1 + 39?
-21d87
In base 13, what is -b1a3 - 339?
-b50c
In base 15, what is 35 + 8c83?
8cb8
In base 16, what is -e76 + -78d3?
-8749
In base 12, what is 3992 + 340?
4112
In base 5, what is -43011 - 23442?
-122003
In base 5, what is -12131 - -121003422?
120441241
In base 10, what is -26 - -2541462?
2541436
In base 13, what is -1ac7510 + 22?
-1ac74bb
In base 12, what is -1196 - -1046?
-150
In base 13, what is -61cbb71 + 11?
-61cbb60
In base 7, what is 1610 + -56433?
-54523
In base 16, what is -195b970 + -10?
-195b980
In base 7, what is 121430111 + -14?
121430064
In base 6, what is 1 - 124054202?
-124054201
In base 7, what is -1004 + 420?
-254
In base 16, what is 3752 - -468a?
7ddc
In base 11, what is -2945 - 1463?
-42a8
In base 13, what is -3 + b74995?
b74992
In base 13, what is 510 + 9b410?
9b920
In base 12, what is 58 + -130a48?
-1309b0
In base 12, what is -15 - -40861?
40848
In base 13, what is -5 + 93a8049?
93a8044
In base 10, what is 336 + -16684?
-16348
In base 3, what is -112011110 - 202001?
-112220111
In base 7, what is 0 + -2345160?
-2345160
In base 12, what is -3 - -2b38031?
2b3802a
In base 4, what is 131222311103 - 2?
131222311101
In base 13, what is 4 + -5482097?
-5482093
In base 12, what is -30109a6a5 - -4?
-30109a6a1
In base 11, what is 163a5070 + 0?
163a5070
In base 9, what is -21 + 17132?
17111
In base 12, what is -73342 - -46?
-732b8
In base 11, what is -8a546 - -163?
-8a393
In base 15, what is -b6 - -132e?
1268
In base 13, what is c9 - 2b8084?
-2b7c88
In base 12, what is 151b91544 + 2?
151b91546
In base 4, what is 11031113321 - -1030?
11031121011
In base 9, what is -30727257 + -35?
-30727303
In base 16, what is -763 + -f92f?
-10092
In base 14, what is -16dc65 + -b?
-16dc72
In base 5, what is -3342023332 - 30?
-3342023412
In base 3, what is -10212110021100110212 + -2?
-10212110021100110221
In base 3, what is 2001112020102120 + 1?
2001112020102121
In base 7, what is -160345431 - 6?
-160345440
In base 13, what is -3759 + 81?
-36a8
In base 13, what is 332 + 92382?
926b4
In base 15, what is -64a2 - -3d?
-6464
In base 13, what is 1643 + -19b?
1475
In base 10, what is -143021 - 112?
-143133
In base 8, what is 544144 + 21?
544165
In base 6, what is -53 - 4535450?
-4535543
In base 2, what is 101 - 101010010100101110?
-101010010100101001
In base 9, what is -4 - 34866026?
-34866031
In base 16, what is -14e + 430b?
41bd
In base 13, what is 2 - 777b0c0?
-777b0bb
In base 14, what is 965 - 2b1c6?
-2a661
In base 12, what is 2 + -15903?
-15901
In base 6, what is -341 - -3153030?
3152245
In base 2, what is -101000001001 - 110010110?
-101110011111
In base 8, what is 160 - -4011?
4171
In base 9, what is 6344 - 48612?
-42257
In base 14, what is 22 - -339c63?
339c85
In base 11, what is 1258191 + -126?
1258066
In base 10, what is 156909 + 10?
156919
In base 16, what is -1830bc + 5?
-1830b7
In base 6, what is 14223104 + 1?
14223105
In base 4, what is 1130201 + -21023021?
-13232220
In base 15, what is -3 + 3034065?
3034062
In base 2, what is -1001100000011001111 + 10010100001?
-1001011110000101110
In base 7, what is 11230446 - -6?
11230455
In base 12, what is 1001 - -9aa1?
aaa2
In base 3, what is -1022 - -1022112010212101?
1022112010211002
In base 15, what is -241a + 6e?
-239b
In base 16, what is -2a33 + -9?
-2a3c
In base 10, what is 603 - 29573?
-28970
In base 3, what is 201022011021021 + -12?
201022011021002
In base 3, what is -110001 - 211112111?
-211222112
In base 11, what is -15a906a6 + -5?
-15a90700
In base 9, what is 148476 + -6?
148470
In base 7, what is -4 + 41365024?
41365020
In base 3, what is 220121002010020 - 0?
220121002010020
In base 6, what is 3 + 20354341211?
20354341214
In base 15, what is 94389ad2 - -3?
94389ad5
In base 13, what is -2 + 1718503?
1718501
In base 6, what is -41544 - 20410?
-102354
In base 9, what is -1316 - -166810?
165483
In base 8, what is -7310 - -5203?
-2105
In base 11, what is -267 + 2a852?
2a596
In base 12, what is -1541 - -175?
-1388
In base 12, what is -103670b + -5?
-1036714
In base 8, what is 723002 + -41?
722741
In base 8, what is -2722 + 41275?
36353
In base 6, what is 10 + -204502253?
-204502243
In base 2, what is 1100011101010011 - 1100011110000?
1010111001100011
In base 5, what is 2013 - -10232231?
10234244
In base 4, what is -2031301001 - -2202?
-2031232133
In base 8, what is 22006773 + 22?
22007015
In base 15, what is -3d394a9 + 1?
-3d394a8
In base 12, w